{"id":30,"date":"2018-08-03T12:07:53","date_gmt":"2018-08-03T12:07:53","guid":{"rendered":"http:\/\/youngsolutions.es\/?page_id=30"},"modified":"2023-11-29T15:17:59","modified_gmt":"2023-11-29T14:17:59","slug":"nuevo-ayuda-de-430-e-para-el-trabajador-con-contrato-de-formacion","status":"publish","type":"page","link":"https:\/\/youngsolutions.es\/index.php\/nuevo-ayuda-de-430-e-para-el-trabajador-con-contrato-de-formacion\/","title":{"rendered":"Ayuda de 430 \u20ac para el trabajador con Contrato de Formaci\u00f3n"},"content":{"rendered":"<div class=\"wpb-content-wrapper\">[vc_section full_width=&#8221;yes&#8221; content_placement=&#8221;middle&#8221; wn_class=&#8221;wn-section-5bbf3f086d87f&#8221;][vc_row wn_class=&#8221;wn-row-5b683e25b0b92&#8243; css=&#8221;.vc_custom_1533558354838{margin-right: 45px !important;margin-left: 45px !important;}&#8221;][vc_column css=&#8221;.vc_custom_1701267473987{padding-right: 100px !important;padding-left: 100px !important;}&#8221;]<div class=\"wn-distance-50 wn-distance-mob-100\"><\/div>\n\t\t\t<div class=\"wn-deep-title-wrap   \"    data-id=\"1\">\n\t\t\t\t<div class=\"wn-deep-title\">\n\t\t\t\t\t<span class=\"wn-deep-title-shape after shape-coutn-0\"><\/span><span class=\"wn-deep-title-shape after shape-coutn-1\"><\/span><h5 class=\"  wn-deep-innertitle\">COMPLEMENTO SALARIAL AL<\/h5><h4 class=\"  wn-deep-subtitle\">CONTRATO DE FORMACI\u00d3N<\/h4>\n\t\t\t\t<\/div>\n\t\t\t<\/div><div class=\"wn-distance-50 wn-distance-mob-30\"><\/div>[vc_column_text css_animation=&#8221;fadeInRight&#8221;]\n<h3><strong>BENEFICIARIOS:<\/strong><\/h3>\n<p><strong>J\u00f3venes entre 16 y 30 a\u00f1os<\/strong>\u00a0que sean incorporados en una empresa con un contrato de formaci\u00f3n y\u00a0<strong>en\u00a0el momento de formalizar el contrato\u00a0<\/strong>re\u00fanan los siguientes requisitos:<\/p>\n<ol>\n<li>Figurar como\u00a0<strong>demandante de empleo<\/strong>\u00a0y\u00a0<strong>estar inscrito en el Sistema Nacional de Garant\u00eda Juvenil (SNGJ).<\/strong><\/li>\n<li><strong>No contar con ninguna de las titulaciones acad\u00e9micas contempladas a continuaci\u00f3n<\/strong>:<br \/>\n-T\u00edtulo de Bachiller<br \/>\n-T\u00edtulo de T\u00e9cnico de Grado Medio<br \/>\n-T\u00edtulo de nivel superior al Bachiller<br \/>\n-T\u00edtulos oficialmente reconocidos como equivalentes a las titulaciones previamente citadas en conformidad con legislaci\u00f3n del sistema educativo vigente.<br \/>\n-Certificado de Profesionalidad de nivel 2 \u00f3 3.<\/li>\n<li>Asumir la obligaci\u00f3n de\u00a0<strong>prestar sus servicios\u00a0en la empresa contratante a la par que\u00a0realiza una actividad formativa<\/strong>\u00a0a trav\u00e9s del contrato de formaci\u00f3n. La realizaci\u00f3n de esta formaci\u00f3n es totalmente obligatoria y deber\u00e1 llevarse a cabo en un centro de formaci\u00f3n acreditado como Audiol\u00eds. En caso contrario, el trabajador perder\u00e1 el derecho a recibir la ayuda.<\/li>\n<\/ol>\n<p><strong>CUANT\u00cdA:<\/strong><\/p>\n<p>430 \u20ac al mes: es decir, el importe equivalente al<strong>\u00a080% del Indicador P\u00fablico de Rentas de Efectos M\u00faltiples (IPREM).<\/strong><\/p>\n<p>Los 430 \u20ac mensuales se sumar\u00e1n al salario percibido por el trabajador por parte de la empresa. Si tenemos en cuenta que un trabajador con contrato de formaci\u00f3n no puede cobrar menos del Salario M\u00ednimo Interprofesional (en proporci\u00f3n al tiempo de trabajo efectivo), el salario m\u00ednimo que recibir\u00e1 cada trabajador con contrato de formaci\u00f3n sera:<\/p>\n<p><em><strong><u>Primer a\u00f1o:<\/u><\/strong><\/em><\/p>\n<p><strong>430 \u20ac + 552 \u20ac* = 960 \u20ac<\/strong><\/p>\n<p>*Durante el primer a\u00f1o el empleado trabaja un 75% de la jornada y se forma el 25% restante. Por tanto, su salario base es el 75% del Salario M\u00ednimo Interprofesional para 2018 (735,90 \u20ac).<\/p>\n<p><em><strong><u>Segundo y tercer a\u00f1o de contrato:<\/u><\/strong><\/em><\/p>\n<p><strong>430 \u20ac + 626 \u20ac* = 1.056 \u20ac<\/strong><\/p>\n<p>*Teniendo en cuenta que durante el segundo y tercer a\u00f1o de contrato, el empleado dedica un 85% de su jornada al trabajo efectivo.<\/p>\n<p>Hay que destacar que, esta prestaci\u00f3n no est\u00e1 sujeta a la obligaci\u00f3n de cotizar a la Seguridad Social.<\/p>\n<p><strong>REQUISITOS PARA PODER OPTAR AL COMPLEMENTO SALARIAL DE 430\u20ac<\/strong><\/p>\n<p>Para poder beneficiarse de esta ayuda, se deber\u00e1n reunir los siguientes requisitos:<\/p>\n<ol>\n<li>En primer lugar, la empresa que suscriba el contrato\u00a0deber\u00e1\u00a0<strong>detallar en la solicitud de inicio de la actividad formativa que el contrato se acoge a dicha prestaci\u00f3n<\/strong>.<\/li>\n<li>El\u00a0<strong>joven trabajador deber\u00e1 realizar la actividad formativa del contrato de formaci\u00f3n<\/strong>, dirigida a la obtenci\u00f3n de un certificado de profesionalidad. En este sentido, la formaci\u00f3n del certificado de profesionalidad deber\u00e1 cursarse en un centro de formaci\u00f3n acreditado para impartir dicha actividad formativa.<\/li>\n<li>Ser contratado bajo la modalidad del contrato para la formaci\u00f3n y el aprendizaje\u00a0<strong>por un per\u00edodo m\u00ednimo de un a\u00f1o<\/strong>.<\/li>\n<\/ol>\n<p>&nbsp;<\/p>\n<h3><strong>DURACI\u00d3N DE LA AYUDA:<\/strong><\/h3>\n<p>Los j\u00f3venes con contrato de formaci\u00f3n se podr\u00e1n beneficiar de este complemento salarial durante un periodo m\u00e1ximo de 18 meses.<\/p>\n<p>En casos de personas con discapacidad igual o superior al 33%, la ayuda podr\u00e1 mantenerse durante un per\u00edodo m\u00e1ximo de 36 meses.<\/p>\n<p>Esta complemento salarial al contrato de formaci\u00f3n\u00a0<strong>entrar\u00e1 en vigor a partir del 4 de agosto de 2018<\/strong>.<\/p>\n<h3><strong>C\u00d3MO SOLICITAR LA AYUDA DE 430\u20ac AL CONTRATO DE FORMACI\u00d3N:<\/strong><\/h3>\n<p>La ayuda de acompa\u00f1amiento para j\u00f3venes con contrato de formaci\u00f3n<strong>\u00a0entrar\u00e1 en vigor el 4 de agosto de 2018<\/strong>. Los j\u00f3venes interesados en percibir el complemento salarial al contrato de formaci\u00f3n deber\u00e1n\u00a0<strong>personarse en la Oficina de Prestaciones del SEPE<\/strong>\u00a0de la demarcaci\u00f3n de su domicilio para presentar la solicitud de dicha ayuda, dentro de los\u00a0<strong>15 d\u00edas siguientes<\/strong>\u00a0a la fecha de\u00a0<strong>inicio del contrato<\/strong>\u00a0para la formaci\u00f3n y el aprendizaje.<\/p>\n<p>La solicitud podr\u00e1 descargarse a trav\u00e9s de la\u00a0<a href=\"http:\/\/www.sepe.es\/\">p\u00e1gina web del SEPE<\/a>\u00a0y deber\u00e1 ir acompa\u00f1ada de una declaraci\u00f3n responsable de no estar en posesi\u00f3n de ninguna de las titulaciones acad\u00e9micas citadas previamente.<\/p>\n<p>El complemento salarial al contrato de formaci\u00f3n ser\u00e1 abonado mensualmente en la cuenta bancaria del joven trabajador por el Servicio P\u00fablico de Empleo (SEPE).<\/p>\n<h3><strong>COMPATIBILIDADES DEL BONO FORMACI\u00d3N<\/strong><\/h3>\n<p>La ayuda directa al contrato de formaci\u00f3n ser\u00e1\u00a0<strong>compatible con<\/strong>\u00a0el resto de incentivos inherentes a dicho contrato como, por ejemplo,\u00a0<strong>la reducci\u00f3n del 100% en las cuotas a la Seguridad Social o la\u00a0bonificaci\u00f3n por tutorizaci\u00f3n<\/strong>, entre otros.[\/vc_column_text]<div class=\"wn-distance-50 wn-distance-mob-30\"><\/div>[\/vc_column][\/vc_row][\/vc_section]\n<\/div>","protected":false},"excerpt":{"rendered":"<p>[vc_section full_width=&#8221;yes&#8221; content_placement=&#8221;middle&#8221; wn_class=&#8221;wn-section-5bbf3f086d87f&#8221;][vc_row wn_class=&#8221;wn-row-5b683e25b0b92&#8243; css=&#8221;.vc_custom_1533558354838{margin-right: 45px !important;margin-left: 45px !important;}&#8221;][vc_column css=&#8221;.vc_custom_1701267473987{padding-right: 100px !important;padding-left: 100px !important;}&#8221;][vc_column_text css_animation=&#8221;fadeInRight&#8221;] BENEFICIARIOS: J\u00f3venes entre 16 y 30 a\u00f1os\u00a0que sean incorporados en una empresa con un contrato de formaci\u00f3n y\u00a0en\u00a0el momento de formalizar el contrato\u00a0re\u00fanan los siguientes requisitos: Figurar como\u00a0demandante de empleo\u00a0y\u00a0estar inscrito en el Sistema Nacional de Garant\u00eda Juvenil (SNGJ). No contar con ninguna de las titulaciones acad\u00e9micas contempladas a continuaci\u00f3n: -T\u00edtulo de Bachiller -T\u00edtulo de T\u00e9cnico de Grado Medio -T\u00edtulo de nivel superior al Bachiller -T\u00edtulos oficialmente reconocidos como equivalentes a las titulaciones previamente citadas en conformidad con legislaci\u00f3n del sistema educativo vigente. -Certificado de Profesionalidad de nivel 2 \u00f3 3. Asumir la obligaci\u00f3n de\u00a0prestar sus servicios\u00a0en la empresa contratante a la par que\u00a0realiza una actividad formativa\u00a0a trav\u00e9s del contrato de formaci\u00f3n. La realizaci\u00f3n de esta formaci\u00f3n es totalmente obligatoria y deber\u00e1 llevarse a cabo en un centro de formaci\u00f3n acreditado como Audiol\u00eds. En caso contrario, el trabajador perder\u00e1 el derecho a recibir la ayuda. CUANT\u00cdA: 430 \u20ac al mes: es decir, el importe equivalente al\u00a080% del Indicador P\u00fablico de Rentas de Efectos M\u00faltiples (IPREM). Los 430 \u20ac mensuales se sumar\u00e1n al salario percibido por el trabajador por parte de la empresa. Si tenemos en cuenta que un trabajador con contrato de formaci\u00f3n no puede cobrar menos del Salario M\u00ednimo Interprofesional (en proporci\u00f3n al tiempo de trabajo efectivo), el salario m\u00ednimo que recibir\u00e1 cada trabajador con contrato de formaci\u00f3n sera: Primer a\u00f1o: 430 \u20ac + 552 \u20ac* = 960 \u20ac *Durante el primer a\u00f1o el empleado trabaja un 75% de la jornada y se forma el 25% restante. Por tanto, su salario base es el 75% del Salario M\u00ednimo Interprofesional para 2018 (735,90 \u20ac). Segundo y tercer a\u00f1o de contrato: 430 \u20ac + 626 \u20ac* = 1.056 \u20ac *Teniendo en cuenta que durante el<\/p>\n","protected":false},"author":1,"featured_media":0,"parent":0,"menu_order":0,"comment_status":"closed","ping_status":"closed","template":"","meta":{"footnotes":""},"class_list":["post-30","page","type-page","status-publish","hentry"],"_links":{"self":[{"href":"https:\/\/youngsolutions.es\/index.php\/wp-json\/wp\/v2\/pages\/30","targetHints":{"allow":["GET"]}}],"collection":[{"href":"https:\/\/youngsolutions.es\/index.php\/wp-json\/wp\/v2\/pages"}],"about":[{"href":"https:\/\/youngsolutions.es\/index.php\/wp-json\/wp\/v2\/types\/page"}],"author":[{"embeddable":true,"href":"https:\/\/youngsolutions.es\/index.php\/wp-json\/wp\/v2\/users\/1"}],"replies":[{"embeddable":true,"href":"https:\/\/youngsolutions.es\/index.php\/wp-json\/wp\/v2\/comments?post=30"}],"version-history":[{"count":2,"href":"https:\/\/youngsolutions.es\/index.php\/wp-json\/wp\/v2\/pages\/30\/revisions"}],"predecessor-version":[{"id":1621,"href":"https:\/\/youngsolutions.es\/index.php\/wp-json\/wp\/v2\/pages\/30\/revisions\/1621"}],"wp:attachment":[{"href":"https:\/\/youngsolutions.es\/index.php\/wp-json\/wp\/v2\/media?parent=30"}],"curies":[{"name":"wp","href":"https:\/\/api.w.org\/{rel}","templated":true}]}}