{"id":32,"date":"2018-08-03T12:08:42","date_gmt":"2018-08-03T12:08:42","guid":{"rendered":"http:\/\/youngsolutions.es\/?page_id=32"},"modified":"2023-12-14T12:13:15","modified_gmt":"2023-12-14T11:13:15","slug":"nuevo-ayuda-por-la-transformacion-a-indefinido-del-contrato-de-formacion","status":"publish","type":"page","link":"https:\/\/youngsolutions.es\/index.php\/nuevo-ayuda-por-la-transformacion-a-indefinido-del-contrato-de-formacion\/","title":{"rendered":"Transformaci\u00f3n del contrato de Formaci\u00f3n en Indefinido"},"content":{"rendered":"<div class=\"wpb-content-wrapper\">[vc_section full_width=&#8221;yes&#8221; content_placement=&#8221;middle&#8221;][vc_row wn_class=&#8221;wn-row-5b683e25b0b92&#8243; css=&#8221;.vc_custom_1533558354838{margin-right: 45px !important;margin-left: 45px !important;}&#8221;][vc_column width=&#8221;2\/3&#8243; css=&#8221;.vc_custom_1701267543910{padding-right: 100px !important;padding-left: 100px !important;}&#8221;]<div class=\"wn-distance-50 wn-distance-mob-100\"><\/div>\n\t\t\t<div class=\"wn-deep-title-wrap   \"    data-id=\"1\">\n\t\t\t\t<div class=\"wn-deep-title\">\n\t\t\t\t\t<span class=\"wn-deep-title-shape after shape-coutn-0\"><\/span><span class=\"wn-deep-title-shape after shape-coutn-1\"><\/span><h5 class=\"  wn-deep-innertitle\">BONO POR CONVERSI\u00d3N A INDEFINIDO DEL<\/h5><h4 class=\"  wn-deep-subtitle\">CONTRATO DE FORMACI\u00d3N<\/h4>\n\t\t\t\t<\/div>\n\t\t\t<\/div><div class=\"wn-distance-50 wn-distance-mob-30\"><\/div>[vc_column_text css_animation=&#8221;fadeInRight&#8221;]\n<h3><strong>BENEFICIARIOS:<\/strong><\/h3>\n<pre>Bonificar\u00e1n las empresas que transformen en indefinidos a los j\u00f3venes\u00a0 que previamente deben haber estados contratados mediante un <a href=\"https:\/\/youngsolutions.es\/index.php\/contratos-de-formacion\/\">Contrato de Formaci\u00f3n en Alternancia:<\/a><\/pre>\n<ul>\n<li><strong>Empresas y los aut\u00f3nomos<\/strong>\u00a0que, bien a la finalizaci\u00f3n de la duraci\u00f3n inicial, o bien a la finalizaci\u00f3n de las sucesivas pr\u00f3rrogas, transformen en indefinidos los contratos de formaci\u00f3n celebrados con los beneficiarios del complemento salarial al contrato de formaci\u00f3n.<\/li>\n<li><strong>Socios trabajadores de las cooperativas y socios laborales,\u00a0<\/strong>y las empresas de inserci\u00f3n que conviertan en indefinidos los contratos de formaci\u00f3n formalizados con los beneficiarios del Bono Formaci\u00f3n.<\/li>\n<\/ul>\n<h3><strong>CUANT\u00cdA:<\/strong><\/h3>\n<p>Los beneficiarios del Bono por Conversi\u00f3n a Indefinido percibir\u00e1n una\u00a0<strong>bonificaci\u00f3n de 250 euros mensuales (3.000 euros al a\u00f1o)\u00a0<\/strong>en las cuotas empresariales por contingencias comunes a la Seguridad Social.<\/p>\n<p>Esta bonificaci\u00f3n se suma a la actual ayuda que contemplan los contratos de formaci\u00f3n por la conversi\u00f3n a indefinido de un trabajador.<\/p>\n<p><u><em><strong>En el caso de las mujeres:<\/strong><\/em><\/u><\/p>\n<p>1.800 euros + 3.000 euros= 4.800 euros al a\u00f1o, durante tres a\u00f1os.<\/p>\n<p><u><em><strong>En el caso de los hombres:<\/strong><\/em><\/u><\/p>\n<p>1.500 euros + 3.000 euros = 4.500 euros al a\u00f1o, durante tres a\u00f1os<strong>.<\/strong><\/p>\n<h3><strong>DURACI\u00d3N DE LA PRESTACI\u00d3N:<\/strong><\/h3>\n<p>Un per\u00edodo<strong> m\u00e1ximo de 3 a\u00f1os<\/strong>, a contar desde el d\u00eda en que se realice la transformaci\u00f3n en indefinido del contrato para la formaci\u00f3n.<\/p>\n<h3><strong>REQUISITOS PARA PERCIBIR EL BONO CONVERSI\u00d3N A INDEFINIDO<\/strong><\/h3>\n<p>Los sujetos interesados en percibir el incentivo por conversi\u00f3n a indefinido deber\u00e1n cumplir con una serie de condiciones, entre otras:<\/p>\n<ol>\n<li>Suscribir un contrato de formaci\u00f3n\u00a0<strong>a jornada completa<\/strong>.<\/li>\n<li><strong>Mantener en el empleo al trabajador contratado\u00a0<\/strong><strong>durante al menos\u00a0tres a\u00f1os<\/strong>\u00a0desde la fecha de conversi\u00f3n.<\/li>\n<li><strong>No haber realizado despidos\u00a0improcedentes<\/strong>\u00a0en los seis meses anteriores a la conversi\u00f3n del contrato de formaci\u00f3n.<\/li>\n<li><strong>Incrementar con la transformaci\u00f3n el nivel de empleo indefinido<\/strong>, manteniendo adem\u00e1s el\u00a0<strong>nuevo nivel total de empleo\u00a0<\/strong>alcanzado con la conversi\u00f3n durante todo el periodo de disfrute de la bonificaci\u00f3n. En este sentido, no se tendr\u00e1n en cuenta las extinciones de contrato\u00a0por causas objetivas, por despidos disciplinarios que no hayan sido declarados improcedentes,\u00a0por la expiraci\u00f3n del tiempo convenido o realizaci\u00f3n de la obra o servicio objeto del contrato, o por resoluci\u00f3n durante el periodo de prueba.<\/li>\n<li><strong>Estar al corriente de las obligaciones tributarias con Hacienda y la Seguridad Social<\/strong>.<\/li>\n<\/ol>\n[\/vc_column_text]<div class=\"wn-distance-50 wn-distance-mob-30\"><\/div>[\/vc_column][vc_column width=&#8221;1\/3&#8243;]<div class=\"wn-distance-100 wn-distance-mob-inherit\"><\/div><div class=\"wn-distance-100 wn-distance-mob-inherit\"><\/div><div class=\"wn-distance-100 wn-distance-mob-inherit\"><\/div>[vc_single_image image=&#8221;1709&#8243; img_size=&#8221;full&#8221;][\/vc_column][\/vc_row][\/vc_section]\n<\/div>","protected":false},"excerpt":{"rendered":"<p>[vc_section full_width=&#8221;yes&#8221; content_placement=&#8221;middle&#8221;][vc_row wn_class=&#8221;wn-row-5b683e25b0b92&#8243; css=&#8221;.vc_custom_1533558354838{margin-right: 45px !important;margin-left: 45px !important;}&#8221;][vc_column width=&#8221;2\/3&#8243; css=&#8221;.vc_custom_1701267543910{padding-right: 100px !important;padding-left: 100px !important;}&#8221;][vc_column_text css_animation=&#8221;fadeInRight&#8221;] BENEFICIARIOS: Bonificar\u00e1n las empresas que transformen en indefinidos a los j\u00f3venes\u00a0 que previamente deben haber estados contratados mediante un Contrato de Formaci\u00f3n en Alternancia: Empresas y los aut\u00f3nomos\u00a0que, bien a la finalizaci\u00f3n de la duraci\u00f3n inicial, o bien a la finalizaci\u00f3n de las sucesivas pr\u00f3rrogas, transformen en indefinidos los contratos de formaci\u00f3n celebrados con los beneficiarios del complemento salarial al contrato de formaci\u00f3n. Socios trabajadores de las cooperativas y socios laborales,\u00a0y las empresas de inserci\u00f3n que conviertan en indefinidos los contratos de formaci\u00f3n formalizados con los beneficiarios del Bono Formaci\u00f3n. CUANT\u00cdA: Los beneficiarios del Bono por Conversi\u00f3n a Indefinido percibir\u00e1n una\u00a0bonificaci\u00f3n de 250 euros mensuales (3.000 euros al a\u00f1o)\u00a0en las cuotas empresariales por contingencias comunes a la Seguridad Social. Esta bonificaci\u00f3n se suma a la actual ayuda que contemplan los contratos de formaci\u00f3n por la conversi\u00f3n a indefinido de un trabajador. En el caso de las mujeres: 1.800 euros + 3.000 euros= 4.800 euros al a\u00f1o, durante tres a\u00f1os. En el caso de los hombres: 1.500 euros + 3.000 euros = 4.500 euros al a\u00f1o, durante tres a\u00f1os. DURACI\u00d3N DE LA PRESTACI\u00d3N: Un per\u00edodo m\u00e1ximo de 3 a\u00f1os, a contar desde el d\u00eda en que se realice la transformaci\u00f3n en indefinido del contrato para la formaci\u00f3n. REQUISITOS PARA PERCIBIR EL BONO CONVERSI\u00d3N A INDEFINIDO Los sujetos interesados en percibir el incentivo por conversi\u00f3n a indefinido deber\u00e1n cumplir con una serie de condiciones, entre otras: Suscribir un contrato de formaci\u00f3n\u00a0a jornada completa. Mantener en el empleo al trabajador contratado\u00a0durante al menos\u00a0tres a\u00f1os\u00a0desde la fecha de conversi\u00f3n. No haber realizado despidos\u00a0improcedentes\u00a0en los seis meses anteriores a la conversi\u00f3n del contrato de formaci\u00f3n. Incrementar con la transformaci\u00f3n el nivel de empleo indefinido, manteniendo adem\u00e1s el\u00a0nuevo nivel total<\/p>\n","protected":false},"author":1,"featured_media":0,"parent":0,"menu_order":0,"comment_status":"closed","ping_status":"closed","template":"","meta":{"footnotes":""},"class_list":["post-32","page","type-page","status-publish","hentry"],"_links":{"self":[{"href":"https:\/\/youngsolutions.es\/index.php\/wp-json\/wp\/v2\/pages\/32","targetHints":{"allow":["GET"]}}],"collection":[{"href":"https:\/\/youngsolutions.es\/index.php\/wp-json\/wp\/v2\/pages"}],"about":[{"href":"https:\/\/youngsolutions.es\/index.php\/wp-json\/wp\/v2\/types\/page"}],"author":[{"embeddable":true,"href":"https:\/\/youngsolutions.es\/index.php\/wp-json\/wp\/v2\/users\/1"}],"replies":[{"embeddable":true,"href":"https:\/\/youngsolutions.es\/index.php\/wp-json\/wp\/v2\/comments?post=32"}],"version-history":[{"count":5,"href":"https:\/\/youngsolutions.es\/index.php\/wp-json\/wp\/v2\/pages\/32\/revisions"}],"predecessor-version":[{"id":1708,"href":"https:\/\/youngsolutions.es\/index.php\/wp-json\/wp\/v2\/pages\/32\/revisions\/1708"}],"wp:attachment":[{"href":"https:\/\/youngsolutions.es\/index.php\/wp-json\/wp\/v2\/media?parent=32"}],"curies":[{"name":"wp","href":"https:\/\/api.w.org\/{rel}","templated":true}]}}