{"id":46,"date":"2018-08-03T12:13:21","date_gmt":"2018-08-03T12:13:21","guid":{"rendered":"http:\/\/youngsolutions.es\/?page_id=46"},"modified":"2023-12-12T17:32:07","modified_gmt":"2023-12-12T16:32:07","slug":"contratos-de-formacion","status":"publish","type":"page","link":"https:\/\/youngsolutions.es\/index.php\/contratos-de-formacion\/","title":{"rendered":"CONTRATOS DE FORMACI\u00d3N EN ALTERNANCIA"},"content":{"rendered":"<div class=\"wpb-content-wrapper\">[vc_section full_width=&#8221;yes&#8221; content_placement=&#8221;middle&#8221; sec_pattern_color=&#8221;#ffffff&#8221; bg_position=&#8221;left top&#8221; bg_cover=&#8221;&#8221; wn_class=&#8221;wn-section-5b6997336e172&#8243; css=&#8221;.vc_custom_1701163073990{background-color: #ffffff !important;}&#8221;][vc_row content_placement=&#8221;middle&#8221; row_dark=&#8221;yes&#8221; equal_height=&#8221;yes&#8221; css=&#8221;.vc_custom_1510558957921{padding-right: 0px !important;padding-left: 0px !important;}&#8221;][vc_column css_animation=&#8221;fadeInDown&#8221; wn_class=&#8221;wn-column-5b699712c1258&#8243; css=&#8221;.vc_custom_1701162352153{margin-top: 10px !important;padding-right: 10% !important;padding-left: 5% !important;}&#8221;]<div class=\"wn-distance-30 wn-distance-mob-inherit\"><\/div>\n\t\t\t<div class=\"wn-deep-title-wrap   \"    data-id=\"1\">\n\t\t\t\t<div class=\"wn-deep-title\">\n\t\t\t\t\t<span class=\"wn-deep-title-shape after shape-coutn-0\"><\/span><h3 class=\"  wn-deep-innertitle\">Formaci\u00f3n oficial y acreditada para el fomento de la empleabilidad y la formaci\u00f3n.<\/h3><h3 class=\"  wn-deep-subtitle\">para los j\u00f3venes entre 16 y 30 a\u00f1os.<\/h3>\n\t\t\t\t<\/div>\n\t\t\t<\/div>[vc_column_text css_animation=&#8221;bounceInDown&#8221; enable_animation_pro=&#8221;&#8221;]\n<p style=\"text-align: center;\"><span style=\"color: #000000;\">Con nuestros contratos de formaci\u00f3n en alternancia, podr\u00e1s bonificarte si cumples lo requisitos requeridos tras la \u00faltima actualizaci\u00f3n del Estatuto de los trabajadores el 30 de marzo de 20022.<\/span><br \/>\n<span style=\"color: #000000;\">Permite a empresas y aut\u00f3nomos ampliar su plantilla mientras que los trabajadores ampl\u00edan su formaci\u00f3n y experiencia laboral.<\/span><\/p>\n[\/vc_column_text]<div class=\"wn-distance-30 wn-distance-mob-inherit\"><\/div><div class=\"wn-distance-40 wn-distance-mob-inherit\"><\/div>[\/vc_column][\/vc_row][vc_row][vc_column]\n\t\t\t<div class=\"wn-deep-title-wrap wn-layer-anim-top  \"    data-id=\"2\">\n\t\t\t\t<div class=\"wn-deep-title\">\n\t\t\t\t\t<span class=\"wn-deep-title-shape after shape-coutn-0\"><\/span><h3 class=\"  wn-deep-innertitle\">REQUISITOS PARA LAS EMPRESAS<\/h3>\n\t\t\t\t<\/div>\n\t\t\t<\/div><div class=\"wn-distance-30 wn-distance-mob-inherit\"><\/div><div class=\"wn-distance-30 wn-distance-mob-inherit\"><\/div>[vc_gallery type=&#8221;image_grid&#8221; images=&#8221;1695,1696,1694,1697&#8243; img_size=&#8221;460PXX460PX&#8221; css_animation=&#8221;fadeIn&#8221; css=&#8221;.vc_custom_1702398450869{border-left-width: 10px !important;}&#8221;]<div class=\"wn-distance-60 wn-distance-mob-inherit\"><\/div>\n\t\t\t<div class=\"wn-deep-title-wrap wn-layer-anim-top  \"    data-id=\"3\">\n\t\t\t\t<div class=\"wn-deep-title\">\n\t\t\t\t\t<span class=\"wn-deep-title-shape after shape-coutn-0\"><\/span><h3 class=\"  wn-deep-innertitle\">REQUISITOS PARA LOS TRABAJADORES<\/h3>\n\t\t\t\t<\/div>\n\t\t\t<\/div><div class=\"wn-distance-60 wn-distance-mob-inherit\"><\/div>[vc_gallery type=&#8221;image_grid&#8221; images=&#8221;1702,1701,1700,1699,1698&#8243; img_size=&#8221;368PXX368PX&#8221; css_animation=&#8221;fadeIn&#8221; css=&#8221;.vc_custom_1702398515897{border-left-width: 10px !important;}&#8221;]<div class=\"wn-distance-60 wn-distance-mob-inherit\"><\/div>[\/vc_column][\/vc_row][\/vc_section][vc_section full_width=&#8221;yes&#8221; content_placement=&#8221;middle&#8221; bg_position=&#8221;left top&#8221; bg_cover=&#8221;&#8221; wn_class=&#8221;wn-section-5b6997336e172&#8243; css=&#8221;.vc_custom_1533646839279{background-color: #ffffff !important;}&#8221;][vc_row][vc_column width=&#8221;1\/2&#8243;][vc_single_image image=&#8221;1524&#8243; img_size=&#8221;900&#215;400&#8243; alignment=&#8221;right&#8221;][\/vc_column][vc_column width=&#8221;1\/2&#8243;]<div class=\"wn-distance-100 wn-distance-mob-inherit\"><\/div><div class=\"wn-distance-30 wn-distance-mob-inherit\"><\/div>\n\t\t\t<div class=\"wn-deep-title-wrap wn-layer-anim-zoom-in  \"    data-id=\"4\">\n\t\t\t\t<div class=\"wn-deep-title\">\n\t\t\t\t\t<span class=\"wn-deep-title-shape after shape-coutn-0\"><\/span><h3 class=\"  wn-deep-innertitle\">\u00a1DESCUBRE NUESTRAS FORMACIONES!<\/h3>\n\t\t\t\t<\/div>\n\t\t\t<\/div><div class=\"wn-distance-10 wn-distance-mob-inherit\"><\/div>[vc_column_text css_animation=&#8221;none&#8221; enable_animation_pro=&#8221;&#8221; css=&#8221;.vc_custom_1701169306267{margin-right: 60px !important;margin-left: 60px !important;}&#8221;]\n<p style=\"text-align: center;\"><span style=\"color: #000000;\">Empresa l\u00edder a nivel nacional con el objetivo de seguir ayud\u00e1ndote a bonificarte durante toda tu\u00a0 vida laboral<\/span><\/p>\n[\/vc_column_text][vc_btn title=&#8221;IR AL LISTADO&#8221; style=&#8221;outline-custom&#8221; outline_custom_color=&#8221;#0a0a0a&#8221; outline_custom_hover_background=&#8221;#333333&#8243; outline_custom_hover_text=&#8221;#ffffff&#8221; shape=&#8221;square&#8221; align=&#8221;center&#8221; custom_onclick=&#8221;true&#8221; link=&#8221;url:https%3A%2F%2Fyoungsolutions.es%2Findex.php%2Fcontratos-de-formacion%2Flistado-de-certificados%2F|title:Listado%20de%20Certificados&#8221;][\/vc_column][\/vc_row][vc_row content_placement=&#8221;middle&#8221; row_dark=&#8221;yes&#8221; equal_height=&#8221;yes&#8221; css=&#8221;.vc_custom_1510558957921{padding-right: 0px !important;padding-left: 0px !important;}&#8221;][vc_column css_animation=&#8221;bounceIn&#8221; width=&#8221;1\/2&#8243; wn_class=&#8221;wn-column-5b699712c1258&#8243; css=&#8221;.vc_custom_1581587500672{margin-top: 10px !important;padding-right: 10% !important;padding-left: 5% !important;}&#8221;][vc_separator]<div class=\"wn-distance-10 wn-distance-mob-inherit\"><\/div><div class=\"wn-distance-10 wn-distance-mob-inherit\"><\/div><div class=\"wn-distance-10 wn-distance-mob-inherit\"><\/div><div class=\"wn-distance-10 wn-distance-mob-inherit\"><\/div>\n\t\t\t<div class=\"wn-deep-title-wrap   \"    data-id=\"5\">\n\t\t\t\t<div class=\"wn-deep-title\">\n\t\t\t\t\t<span class=\"wn-deep-title-shape after shape-coutn-0\"><\/span><h3 class=\"  wn-deep-innertitle\">VENTAJAS PARA EL TRABAJADOR<\/h3><h3 class=\"  wn-deep-subtitle\">Para saber m\u00e1s no dudes en llamarnos.<\/h3>\n\t\t\t\t<\/div>\n\t\t\t<\/div><div class=\"wn-distance-10 wn-distance-mob-inherit\"><\/div>[vc_column_text css_animation=&#8221;none&#8221; enable_animation_pro=&#8221;&#8221; css=&#8221;.vc_custom_1701251983313{border-top-width: 10px !important;padding-top: 50px !important;padding-bottom: 50px !important;}&#8221;]\n<p style=\"text-align: center;\"><span style=\"color: #000000;\">Acceso al mercado laboral sin la experiencia requerida en otros contratos.<\/span><\/p>\n<p style=\"text-align: center;\"><span style=\"color: #000000;\">Se recibe una formaci\u00f3n \u00fatil para el mundo laboral.<\/span> <span style=\"color: #000000;\">Formaci\u00f3n pr\u00e1ctica y te\u00f3rica.<\/span><\/p>\n<p style=\"text-align: center;\"><span style=\"color: #000000;\">La duraci\u00f3n del contrato se puede prorrogar hasta 2 a\u00f1os.<\/span><\/p>\n<p style=\"text-align: center;\"><span style=\"color: #000000;\">Cobertura total por la Seguridad Social.<\/span><\/p>\n<p style=\"text-align: center;\"><span style=\"color: #000000;\">Una vez finalizado se puede traspasar a uno indefinido.<\/span><\/p>\n[\/vc_column_text]<div class=\"wn-distance-10 wn-distance-mob-inherit\"><\/div>[vc_btn title=&#8221;\u00bfC\u00d3MO TRAMITARLO?&#8221; style=&#8221;3d&#8221; shape=&#8221;square&#8221; color=&#8221;primary&#8221; align=&#8221;center&#8221; i_type=&#8221;monosocial&#8221; i_icon_monosocial=&#8221;vc-mono vc-mono-identica&#8221; add_icon=&#8221;true&#8221; link=&#8221;url:https%3A%2F%2Fyoungsolutions.es%2Findex.php%2Fcomo-tramitar-un-contrato-de-formacion%2F|title:Como%20tramitar%20un%20Contrato%20de%20Formaci%C3%B3n&#8221;][\/vc_column][vc_column width=&#8221;1\/2&#8243;][vc_separator]<div class=\"container latestposts-seventeen \"  >\t\t\t\t\t\t\t<div class=\"col-md-12 wn-latest-b17\">\n\t\t\t\t\t\t<article class=\"latest-b17\">\n\t\t\t\t\t\t\t<div class=\"latest-b17-content\">\n\t\t\t\t\t\t\t\t\t\t\t\t\t\t\t\t\t<div class=\"latest-date\">12\/19\/2023<\/div>\n\t\t\t\t\t\t\t\t\t\t\t\t\t\t\t\t<h3><a href=\"https:\/\/youngsolutions.es\/index.php\/2023\/12\/19\/descubre-el-kit-digital\/\"  target=\"_blank\" >DESCUBRE EL KIT DIGITAL<\/a><\/h3>\n\t\t\t\t\t\t\t\t<a  target=\"_blank\"  href=\"https:\/\/youngsolutions.es\/index.php\/2023\/12\/19\/descubre-el-kit-digital\/\" class=\"latest-b17-readmore\">Read More<\/a>\n\t\t\t\t\t\t\t<\/div>\n\t\t\t\t\t\t<\/article>\n\t\t\t\t\t<\/div>\n\t\t\t\t\t\t\t\t\t<div class=\"col-md-12 wn-latest-b17\">\n\t\t\t\t\t\t<article class=\"latest-b17\">\n\t\t\t\t\t\t\t<div class=\"latest-b17-content\">\n\t\t\t\t\t\t\t\t\t\t\t\t\t\t\t\t\t<div class=\"latest-date\">12\/18\/2023<\/div>\n\t\t\t\t\t\t\t\t\t\t\t\t\t\t\t\t<h3><a href=\"https:\/\/youngsolutions.es\/index.php\/2023\/12\/18\/cumple-tu-empresa-con-la-normativa-laboral-en-2024\/\"  target=\"_blank\" >\u00bfCumple tu empresa con la normativa laboral en 2024?<\/a><\/h3>\n\t\t\t\t\t\t\t\t<a  target=\"_blank\"  href=\"https:\/\/youngsolutions.es\/index.php\/2023\/12\/18\/cumple-tu-empresa-con-la-normativa-laboral-en-2024\/\" class=\"latest-b17-readmore\">Read More<\/a>\n\t\t\t\t\t\t\t<\/div>\n\t\t\t\t\t\t<\/article>\n\t\t\t\t\t<\/div>\n\t\t\t\t\t\t\t\t\t<div class=\"col-md-12 wn-latest-b17\">\n\t\t\t\t\t\t<article class=\"latest-b17\">\n\t\t\t\t\t\t\t<div class=\"latest-b17-content\">\n\t\t\t\t\t\t\t\t\t\t\t\t\t\t\t\t\t<div class=\"latest-date\">12\/12\/2023<\/div>\n\t\t\t\t\t\t\t\t\t\t\t\t\t\t\t\t<h3><a href=\"https:\/\/youngsolutions.es\/index.php\/2023\/12\/12\/comparacion-de-los-contratos-bonificados-para-la-contratacion-de-jovenes\/\"  target=\"_blank\" >Comparaci\u00f3n de los contratos bonificados para la contrataci\u00f3n de j\u00f3venes:<\/a><\/h3>\n\t\t\t\t\t\t\t\t<a  target=\"_blank\"  href=\"https:\/\/youngsolutions.es\/index.php\/2023\/12\/12\/comparacion-de-los-contratos-bonificados-para-la-contratacion-de-jovenes\/\" class=\"latest-b17-readmore\">Read More<\/a>\n\t\t\t\t\t\t\t<\/div>\n\t\t\t\t\t\t<\/article>\n\t\t\t\t\t<\/div>\n\t\t\t\t<\/div>\n\t\t[\/vc_column][\/vc_row][\/vc_section][vc_row][vc_column]\n\t\t\t\t<div class=\"testimonial4 testimonial-1 \"   >\n\t\t\t\t\t<div class=\"testimonial-content content\t\">\n\t\t\t\t\t\t<div class=\"testimonial-image\">\n\t\t\t\t\t\t\t\n\t\t\t\t\t\t<\/div>\n\t\t\t\t\t\t<h5> Equipo de Young <\/h5>\n\t\t\t\t\t\t<q> ``Trabajamos para empresas punteras como: The Good Burguer, Carrefour, La Risue\u00f1a, BQ, Tiger o 100 Montaditos.`` <\/q>\n\t\t\t\t\t<\/div>\n\t\t\t\t<\/div>\n\t\t\t[\/vc_column][\/vc_row]\n<\/div>","protected":false},"excerpt":{"rendered":"<p>[vc_section full_width=&#8221;yes&#8221; content_placement=&#8221;middle&#8221; sec_pattern_color=&#8221;#ffffff&#8221; bg_position=&#8221;left top&#8221; bg_cover=&#8221;&#8221; wn_class=&#8221;wn-section-5b6997336e172&#8243; css=&#8221;.vc_custom_1701163073990{background-color: #ffffff !important;}&#8221;][vc_row content_placement=&#8221;middle&#8221; row_dark=&#8221;yes&#8221; equal_height=&#8221;yes&#8221; css=&#8221;.vc_custom_1510558957921{padding-right: 0px !important;padding-left: 0px !important;}&#8221;][vc_column css_animation=&#8221;fadeInDown&#8221; wn_class=&#8221;wn-column-5b699712c1258&#8243; css=&#8221;.vc_custom_1701162352153{margin-top: 10px !important;padding-right: 10% !important;padding-left: 5% !important;}&#8221;][vc_column_text css_animation=&#8221;bounceInDown&#8221; enable_animation_pro=&#8221;&#8221;] Con nuestros contratos de formaci\u00f3n en alternancia, podr\u00e1s bonificarte si cumples lo requisitos requeridos tras la \u00faltima actualizaci\u00f3n del Estatuto de los trabajadores el 30 de marzo de 20022. Permite a empresas y aut\u00f3nomos ampliar su plantilla mientras que los trabajadores ampl\u00edan su formaci\u00f3n y experiencia laboral. [\/vc_column_text][\/vc_column][\/vc_row][vc_row][vc_column][vc_gallery type=&#8221;image_grid&#8221; images=&#8221;1695,1696,1694,1697&#8243; img_size=&#8221;460PXX460PX&#8221; css_animation=&#8221;fadeIn&#8221; css=&#8221;.vc_custom_1702398450869{border-left-width: 10px !important;}&#8221;][vc_gallery type=&#8221;image_grid&#8221; images=&#8221;1702,1701,1700,1699,1698&#8243; img_size=&#8221;368PXX368PX&#8221; css_animation=&#8221;fadeIn&#8221; css=&#8221;.vc_custom_1702398515897{border-left-width: 10px !important;}&#8221;][\/vc_column][\/vc_row][\/vc_section][vc_section full_width=&#8221;yes&#8221; content_placement=&#8221;middle&#8221; bg_position=&#8221;left top&#8221; bg_cover=&#8221;&#8221; wn_class=&#8221;wn-section-5b6997336e172&#8243; css=&#8221;.vc_custom_1533646839279{background-color: #ffffff !important;}&#8221;][vc_row][vc_column width=&#8221;1\/2&#8243;][vc_single_image image=&#8221;1524&#8243; img_size=&#8221;900&#215;400&#8243; alignment=&#8221;right&#8221;][\/vc_column][vc_column width=&#8221;1\/2&#8243;][vc_column_text css_animation=&#8221;none&#8221; enable_animation_pro=&#8221;&#8221; css=&#8221;.vc_custom_1701169306267{margin-right: 60px !important;margin-left: 60px !important;}&#8221;] Empresa l\u00edder a nivel nacional con el objetivo de seguir ayud\u00e1ndote a bonificarte durante toda tu\u00a0 vida laboral [\/vc_column_text][vc_btn title=&#8221;IR AL LISTADO&#8221; style=&#8221;outline-custom&#8221; outline_custom_color=&#8221;#0a0a0a&#8221; outline_custom_hover_background=&#8221;#333333&#8243; outline_custom_hover_text=&#8221;#ffffff&#8221; shape=&#8221;square&#8221; align=&#8221;center&#8221; custom_onclick=&#8221;true&#8221; link=&#8221;url:https%3A%2F%2Fyoungsolutions.es%2Findex.php%2Fcontratos-de-formacion%2Flistado-de-certificados%2F|title:Listado%20de%20Certificados&#8221;][\/vc_column][\/vc_row][vc_row content_placement=&#8221;middle&#8221; row_dark=&#8221;yes&#8221; equal_height=&#8221;yes&#8221; css=&#8221;.vc_custom_1510558957921{padding-right: 0px !important;padding-left: 0px !important;}&#8221;][vc_column css_animation=&#8221;bounceIn&#8221; width=&#8221;1\/2&#8243; wn_class=&#8221;wn-column-5b699712c1258&#8243; css=&#8221;.vc_custom_1581587500672{margin-top: 10px !important;padding-right: 10% !important;padding-left: 5% !important;}&#8221;][vc_separator][vc_column_text css_animation=&#8221;none&#8221; enable_animation_pro=&#8221;&#8221; css=&#8221;.vc_custom_1701251983313{border-top-width: 10px !important;padding-top: 50px !important;padding-bottom: 50px !important;}&#8221;] Acceso al mercado laboral sin la experiencia requerida en otros contratos. Se recibe una formaci\u00f3n \u00fatil para el mundo laboral. Formaci\u00f3n pr\u00e1ctica y te\u00f3rica. La duraci\u00f3n del contrato se puede prorrogar hasta 2 a\u00f1os. Cobertura total por la Seguridad Social. Una vez finalizado se puede traspasar a uno indefinido. [\/vc_column_text][vc_btn title=&#8221;\u00bfC\u00d3MO TRAMITARLO?&#8221; style=&#8221;3d&#8221; shape=&#8221;square&#8221; color=&#8221;primary&#8221; align=&#8221;center&#8221; i_type=&#8221;monosocial&#8221; i_icon_monosocial=&#8221;vc-mono vc-mono-identica&#8221; add_icon=&#8221;true&#8221; link=&#8221;url:https%3A%2F%2Fyoungsolutions.es%2Findex.php%2Fcomo-tramitar-un-contrato-de-formacion%2F|title:Como%20tramitar%20un%20Contrato%20de%20Formaci%C3%B3n&#8221;][\/vc_column][vc_column width=&#8221;1\/2&#8243;][vc_separator][\/vc_column][\/vc_row][\/vc_section][vc_row][vc_column][\/vc_column][\/vc_row]<\/p>\n","protected":false},"author":1,"featured_media":0,"parent":0,"menu_order":0,"comment_status":"closed","ping_status":"closed","template":"","meta":{"footnotes":""},"class_list":["post-46","page","type-page","status-publish","hentry"],"_links":{"self":[{"href":"https:\/\/youngsolutions.es\/index.php\/wp-json\/wp\/v2\/pages\/46","targetHints":{"allow":["GET"]}}],"collection":[{"href":"https:\/\/youngsolutions.es\/index.php\/wp-json\/wp\/v2\/pages"}],"about":[{"href":"https:\/\/youngsolutions.es\/index.php\/wp-json\/wp\/v2\/types\/page"}],"author":[{"embeddable":true,"href":"https:\/\/youngsolutions.es\/index.php\/wp-json\/wp\/v2\/users\/1"}],"replies":[{"embeddable":true,"href":"https:\/\/youngsolutions.es\/index.php\/wp-json\/wp\/v2\/comments?post=46"}],"version-history":[{"count":31,"href":"https:\/\/youngsolutions.es\/index.php\/wp-json\/wp\/v2\/pages\/46\/revisions"}],"predecessor-version":[{"id":1703,"href":"https:\/\/youngsolutions.es\/index.php\/wp-json\/wp\/v2\/pages\/46\/revisions\/1703"}],"wp:attachment":[{"href":"https:\/\/youngsolutions.es\/index.php\/wp-json\/wp\/v2\/media?parent=46"}],"curies":[{"name":"wp","href":"https:\/\/api.w.org\/{rel}","templated":true}]}}