{"id":49,"date":"2018-08-03T12:13:42","date_gmt":"2018-08-03T12:13:42","guid":{"rendered":"http:\/\/youngsolutions.es\/?page_id=49"},"modified":"2024-11-27T12:17:11","modified_gmt":"2024-11-27T11:17:11","slug":"conocenos","status":"publish","type":"page","link":"https:\/\/youngsolutions.es\/index.php\/conocenos\/","title":{"rendered":"Con\u00f3cenos"},"content":{"rendered":"<div class=\"wpb-content-wrapper\">[vc_section bg_cover=&#8221;&#8221; css=&#8221;.vc_custom_1701361706993{background-color: #0075b5 !important;}&#8221;][vc_row][vc_column][vc_single_image image=&#8221;1674&#8243; img_size=&#8221;3800X1000&#8243;][\/vc_column][\/vc_row][\/vc_section][vc_row][vc_column width=&#8221;1\/5&#8243;][vc_empty_space height=&#8221;100px&#8221;]<div class=\"ult-team-member-wrap ult-style-1  \"><div class=\"ult-team-member-image\" style=\"border-style:solid;border-width:1px;border-color:#1e73be;\"> <img decoding=\"async\" class=\"ult-team-grayscale\" src=\"https:\/\/youngsolutions.es\/wp-content\/uploads\/2023\/11\/Diseno-sin-titulo-2-1.png\" alt=\"null\"  style=\"\"><span class=\"ult-team-member-image-overlay \"  ><\/span><\/div><div class=\"ult-team-member-bio-wrap style-1 ultimate-heading69ea23070e633\" style=\"text-align:center;; \"><div class=\"ult-team-member-name-wrap\"><h1 class=\"ult-team-member-name ult-responsive\"  data-ultimate-target='.ult-team-member-bio-wrap.ultimate-heading69ea23070e633 .ult-team-member-name'  data-responsive-json-new='{\"font-size\":\"\",\"line-height\":\"\"}'  style=\"\">GEMMA<\/h1><div class=\"ult-team-member-position ult-responsive\"  data-ultimate-target='.ult-team-member-bio-wrap.ultimate-heading69ea23070e633 .ult-team-member-position'  data-responsive-json-new='{\"font-size\":\"\",\"line-height\":\"\"}'  style=\"\">Account Manager<\/div><div style=\"margin-bottom:15px\"><\/div><\/div><\/div><\/div>[\/vc_column][vc_column width=&#8221;1\/5&#8243;][vc_empty_space height=&#8221;100px&#8221;]<div class=\"ult-team-member-wrap ult-style-1  \"><div class=\"ult-team-member-image\" style=\"border-style:solid;border-width:1px;border-color:#1e73be;\"> <img decoding=\"async\" class=\"ult-team-grayscale\" src=\"https:\/\/youngsolutions.es\/wp-content\/uploads\/2023\/11\/Diseno-sin-titulo-4-1.png\" alt=\"null\"  style=\"\"><span class=\"ult-team-member-image-overlay \"  ><\/span><\/div><div class=\"ult-team-member-bio-wrap style-1 ultimate-heading69ea23070e9d9\" style=\"text-align:center;; \"><div class=\"ult-team-member-name-wrap\"><h1 class=\"ult-team-member-name ult-responsive\"  data-ultimate-target='.ult-team-member-bio-wrap.ultimate-heading69ea23070e9d9 .ult-team-member-name'  data-responsive-json-new='{\"font-size\":\"\",\"line-height\":\"\"}'  style=\"\">VER\u00d3NICA<\/h1><div class=\"ult-team-member-position ult-responsive\"  data-ultimate-target='.ult-team-member-bio-wrap.ultimate-heading69ea23070e9d9 .ult-team-member-position'  data-responsive-json-new='{\"font-size\":\"\",\"line-height\":\"\"}'  style=\"\">Responsable de Convocatorias<\/div><div style=\"margin-bottom:15px\"><\/div><\/div><\/div><\/div>[\/vc_column][vc_column width=&#8221;1\/5&#8243;][vc_empty_space height=&#8221;100px&#8221;]<div class=\"ult-team-member-wrap ult-style-1  \"><div class=\"ult-team-member-image\" style=\"border-style:solid;border-width:1px;border-color:#1e73be;\"> <img decoding=\"async\" class=\"ult-team-grayscale\" src=\"https:\/\/youngsolutions.es\/wp-content\/uploads\/2023\/11\/Diseno-sin-titulo-5-1.png\" alt=\"null\"  style=\"\"><span class=\"ult-team-member-image-overlay \"  ><\/span><\/div><div class=\"ult-team-member-bio-wrap style-1 ultimate-heading69ea23070ed46\" style=\"text-align:center;; \"><div class=\"ult-team-member-name-wrap\"><h1 class=\"ult-team-member-name ult-responsive\"  data-ultimate-target='.ult-team-member-bio-wrap.ultimate-heading69ea23070ed46 .ult-team-member-name'  data-responsive-json-new='{\"font-size\":\"\",\"line-height\":\"\"}'  style=\"\">LAURA<\/h1><div class=\"ult-team-member-position ult-responsive\"  data-ultimate-target='.ult-team-member-bio-wrap.ultimate-heading69ea23070ed46 .ult-team-member-position'  data-responsive-json-new='{\"font-size\":\"\",\"line-height\":\"\"}'  style=\"\">T\u00e9cnico SEPE<\/div><div style=\"margin-bottom:15px\"><\/div><\/div><\/div><\/div>[\/vc_column][vc_column width=&#8221;1\/5&#8243;][vc_empty_space height=&#8221;100px&#8221;]<div class=\"ult-team-member-wrap ult-style-1  \"><div class=\"ult-team-member-image\" style=\"border-style:solid;border-width:1px;border-color:#1e73be;\"> <img decoding=\"async\" class=\"ult-team-grayscale\" src=\"https:\/\/youngsolutions.es\/wp-content\/uploads\/2023\/11\/Diseno-sin-titulo-2-1.png\" alt=\"null\"  style=\"\"><span class=\"ult-team-member-image-overlay \"  ><\/span><\/div><div class=\"ult-team-member-bio-wrap style-1 ultimate-heading69ea23070ed88\" style=\"text-align:center;; \"><div class=\"ult-team-member-name-wrap\"><h1 class=\"ult-team-member-name ult-responsive\"  data-ultimate-target='.ult-team-member-bio-wrap.ultimate-heading69ea23070ed88 .ult-team-member-name'  data-responsive-json-new='{\"font-size\":\"\",\"line-height\":\"\"}'  style=\"\">ALBA<\/h1><div class=\"ult-team-member-position ult-responsive\"  data-ultimate-target='.ult-team-member-bio-wrap.ultimate-heading69ea23070ed88 .ult-team-member-position'  data-responsive-json-new='{\"font-size\":\"\",\"line-height\":\"\"}'  style=\"\">Responsable SEPE<\/div><div style=\"margin-bottom:15px\"><\/div><\/div><\/div><\/div>[\/vc_column][vc_column width=&#8221;1\/5&#8243;][vc_empty_space height=&#8221;100px&#8221;]<div class=\"ult-team-member-wrap ult-style-1  \"><div class=\"ult-team-member-image\" style=\"border-style:solid;border-width:1px;border-color:#1e73be;\"> <img decoding=\"async\" class=\"ult-team-grayscale\" src=\"https:\/\/youngsolutions.es\/wp-content\/uploads\/2023\/11\/Diseno-sin-titulo-4-1.png\" alt=\"null\"  style=\"\"><span class=\"ult-team-member-image-overlay \"  ><\/span><\/div><div class=\"ult-team-member-bio-wrap style-1 ultimate-heading69ea23070edc7\" style=\"text-align:center;; \"><div class=\"ult-team-member-name-wrap\"><h1 class=\"ult-team-member-name ult-responsive\"  data-ultimate-target='.ult-team-member-bio-wrap.ultimate-heading69ea23070edc7 .ult-team-member-name'  data-responsive-json-new='{\"font-size\":\"\",\"line-height\":\"\"}'  style=\"\">INES<\/h1><div class=\"ult-team-member-position ult-responsive\"  data-ultimate-target='.ult-team-member-bio-wrap.ultimate-heading69ea23070edc7 .ult-team-member-position'  data-responsive-json-new='{\"font-size\":\"\",\"line-height\":\"\"}'  style=\"\">Especialista acreditaciones<\/div><div style=\"margin-bottom:15px\"><\/div><\/div><\/div><\/div>[\/vc_column][\/vc_row][vc_row][vc_column]<article class=\"wn-icon-box icon-box-id-1 icon-box tlp    \"  ><h4 class=\"title-style\">LA CLAVE DEL \u00c9XITO: TRABAJO EN EQUIPO<\/h4><\/article>[\/vc_column][\/vc_row][vc_row][vc_column width=&#8221;1\/5&#8243;]<div class=\"ult-team-member-wrap ult-style-1  \"><div class=\"ult-team-member-image\" style=\"border-style:solid;border-width:1px;border-color:#1e73be;\"> <img decoding=\"async\" class=\"ult-team-grayscale\" src=\"https:\/\/youngsolutions.es\/wp-content\/uploads\/2023\/11\/Diseno-sin-titulo-5-1.png\" alt=\"null\"  style=\"\"><span class=\"ult-team-member-image-overlay \"  ><\/span><\/div><div class=\"ult-team-member-bio-wrap style-1 ultimate-heading69ea23070f30e\" style=\"text-align:center;; \"><div class=\"ult-team-member-name-wrap\"><h1 class=\"ult-team-member-name ult-responsive\"  data-ultimate-target='.ult-team-member-bio-wrap.ultimate-heading69ea23070f30e .ult-team-member-name'  data-responsive-json-new='{\"font-size\":\"\",\"line-height\":\"\"}'  style=\"\">LAURA<\/h1><div class=\"ult-team-member-position ult-responsive\"  data-ultimate-target='.ult-team-member-bio-wrap.ultimate-heading69ea23070f30e .ult-team-member-position'  data-responsive-json-new='{\"font-size\":\"\",\"line-height\":\"\"}'  style=\"\">Responsable de calidad<\/div><div style=\"margin-bottom:15px\"><\/div><\/div><\/div><\/div>[\/vc_column][vc_column width=&#8221;1\/5&#8243;]<div class=\"ult-team-member-wrap ult-style-1  \"><div class=\"ult-team-member-image\" style=\"border-style:solid;border-width:1px;border-color:#1e73be;\"> <img decoding=\"async\" class=\"ult-team-grayscale\" src=\"https:\/\/youngsolutions.es\/wp-content\/uploads\/2023\/11\/Diseno-sin-titulo-3-1.png\" alt=\"null\"  style=\"\"><span class=\"ult-team-member-image-overlay \"  ><\/span><\/div><div class=\"ult-team-member-bio-wrap style-1 ultimate-heading69ea23070f80b\" style=\"text-align:center;; \"><div class=\"ult-team-member-name-wrap\"><h1 class=\"ult-team-member-name ult-responsive\"  data-ultimate-target='.ult-team-member-bio-wrap.ultimate-heading69ea23070f80b .ult-team-member-name'  data-responsive-json-new='{\"font-size\":\"\",\"line-height\":\"\"}'  style=\"\">CESAR<\/h1><div class=\"ult-team-member-position ult-responsive\"  data-ultimate-target='.ult-team-member-bio-wrap.ultimate-heading69ea23070f80b .ult-team-member-position'  data-responsive-json-new='{\"font-size\":\"\",\"line-height\":\"\"}'  style=\"\">T\u00e9cnico de plataformas<\/div><div style=\"margin-bottom:15px\"><\/div><\/div><\/div><\/div>[\/vc_column][vc_column width=&#8221;1\/5&#8243;]<div class=\"ult-team-member-wrap ult-style-1  \"><div class=\"ult-team-member-image\" style=\"border-style:solid;border-width:1px;border-color:#1e73be;\"> <img decoding=\"async\" class=\"ult-team-grayscale\" src=\"https:\/\/youngsolutions.es\/wp-content\/uploads\/2023\/11\/Diseno-sin-titulo-3-1.png\" alt=\"null\"  style=\"\"><span class=\"ult-team-member-image-overlay \"  ><\/span><\/div><div class=\"ult-team-member-bio-wrap style-1 ultimate-heading69ea23070f874\" style=\"text-align:center;; \"><div class=\"ult-team-member-name-wrap\"><h1 class=\"ult-team-member-name ult-responsive\"  data-ultimate-target='.ult-team-member-bio-wrap.ultimate-heading69ea23070f874 .ult-team-member-name'  data-responsive-json-new='{\"font-size\":\"\",\"line-height\":\"\"}'  style=\"\">MANUEL<\/h1><div class=\"ult-team-member-position ult-responsive\"  data-ultimate-target='.ult-team-member-bio-wrap.ultimate-heading69ea23070f874 .ult-team-member-position'  data-responsive-json-new='{\"font-size\":\"\",\"line-height\":\"\"}'  style=\"\">Facturaci\u00f3n<\/div><div style=\"margin-bottom:15px\"><\/div><\/div><\/div><\/div>[\/vc_column][vc_column width=&#8221;1\/5&#8243;]<div class=\"ult-team-member-wrap ult-style-1  \"><div class=\"ult-team-member-image\" style=\"border-style:solid;border-width:1px;border-color:#1e73be;\"> <img decoding=\"async\" class=\"ult-team-grayscale\" src=\"https:\/\/youngsolutions.es\/wp-content\/uploads\/2023\/11\/Diseno-sin-titulo-5-1.png\" alt=\"null\"  style=\"\"><span class=\"ult-team-member-image-overlay \"  ><\/span><\/div><div class=\"ult-team-member-bio-wrap style-1 ultimate-heading69ea23070f8cd\" style=\"text-align:center;; \"><div class=\"ult-team-member-name-wrap\"><h1 class=\"ult-team-member-name ult-responsive\"  data-ultimate-target='.ult-team-member-bio-wrap.ultimate-heading69ea23070f8cd .ult-team-member-name'  data-responsive-json-new='{\"font-size\":\"\",\"line-height\":\"\"}'  style=\"\">LORENA<\/h1><div class=\"ult-team-member-position ult-responsive\"  data-ultimate-target='.ult-team-member-bio-wrap.ultimate-heading69ea23070f8cd .ult-team-member-position'  data-responsive-json-new='{\"font-size\":\"\",\"line-height\":\"\"}'  style=\"\">Responsable Atenci\u00f3n al cliente<\/div><div style=\"margin-bottom:15px\"><\/div><\/div><\/div><\/div>[\/vc_column][vc_column width=&#8221;1\/5&#8243;]<div class=\"ult-team-member-wrap ult-style-1  \"><div class=\"ult-team-member-image\" style=\"border-style:solid;border-width:1px;border-color:#1e73be;\"> <img decoding=\"async\" class=\"ult-team-grayscale\" src=\"https:\/\/youngsolutions.es\/wp-content\/uploads\/2023\/11\/Diseno-sin-titulo-2-1.png\" alt=\"null\"  style=\"\"><span class=\"ult-team-member-image-overlay \"  ><\/span><\/div><div class=\"ult-team-member-bio-wrap style-1 ultimate-heading69ea23070f919\" style=\"text-align:center;; \"><div class=\"ult-team-member-name-wrap\"><h1 class=\"ult-team-member-name ult-responsive\"  data-ultimate-target='.ult-team-member-bio-wrap.ultimate-heading69ea23070f919 .ult-team-member-name'  data-responsive-json-new='{\"font-size\":\"\",\"line-height\":\"\"}'  style=\"\">PAQUI<\/h1><div class=\"ult-team-member-position ult-responsive\"  data-ultimate-target='.ult-team-member-bio-wrap.ultimate-heading69ea23070f919 .ult-team-member-position'  data-responsive-json-new='{\"font-size\":\"\",\"line-height\":\"\"}'  style=\"\">Atenci\u00f3n al cliente y comercial<\/div><div style=\"margin-bottom:15px\"><\/div><\/div><\/div><\/div>[\/vc_column][\/vc_row][vc_row][vc_column][vc_column_text css_animation=&#8221;fadeInUpBig&#8221;]\n<h4 style=\"text-align: center;\">En <span style=\"color: #1e73be;\"><strong>Young Solutions<\/strong><\/span> contamos con las capacidades y conocimientos en contratos de formaci\u00f3n y aprendizaje necesarios para ayudarle a aumentar el desarrollo y transformaci\u00f3n de su empresa. <span style=\"color: #1e73be;\"><strong>Young Solutions<\/strong><\/span> es un centro de formaci\u00f3n l\u00edder a nivel nacional en el sector. Desde que abrimos nuestras puertas en el a\u00f1o 2000 nos enorgullece decir que cada a\u00f1o tenemos una lista m\u00e1s grande de clientes nuevos y habituales.<\/h4>\n<h4 style=\"text-align: center;\">Creemos firmemente que la formaci\u00f3n y el conocimiento son fundamentales para el desarrollo personal y laboral, por ello trabajamos e innovamos para mejorar d\u00eda a d\u00eda. Somos una organizaci\u00f3n en continuo aprendizaje, con el fin de prever y responder a las necesidades cambiantes de nuestro complejo mercado laboral.<\/h4>\n<h4 style=\"text-align: center;\">Nuestro objetivo es ofrecer siempre una ense\u00f1anza personalizada y de calidad.<\/h4>\n<h3><\/h3>\n<p>&nbsp;<\/p>\n<h3 style=\"text-align: center;\"><span style=\"color: #1e73be;\"><strong>\u00bfLe gustar\u00eda experimentar lo que Young Solutions tiene para ofrecer? <\/strong><\/span><\/h3>\n<h3 style=\"text-align: center;\"><span style=\"color: #1e73be;\"><strong>Ll\u00e1menos hoy mismo y hablemos de lo que podemos hacer por usted.<\/strong><\/span><\/h3>\n[\/vc_column_text][\/vc_column][\/vc_row][vc_row row_dark=&#8221;yes&#8221; css_animation=&#8221;bounceIn&#8221; wn_class=&#8221;wn-row-5b1e3c566ff4f&#8221;][vc_column css_animation=&#8221;fadeInRight&#8221; width=&#8221;2\/3&#8243; wn_class=&#8221;wn-column-5b1e64f03474a&#8221; css=&#8221;.vc_custom_1528718581641{padding-right: 0px !important;}&#8221;][vc_gmaps link=&#8221;#E-8_JTNDaWZyYW1lJTIwc3JjJTNEJTIyaHR0cHMlM0ElMkYlMkZ3d3cuZ29vZ2xlLmNvbSUyRm1hcHMlMkZlbWJlZCUzRnBiJTNEJTIxMW0xOCUyMTFtMTIlMjExbTMlMjExZDMwMzcuMTc0MzU1NDI2MjAyNSUyMTJkLTMuNzE3NTU3NTg0MjczNDk5NiUyMTNkNDAuNDI3MTM3OTc5MzYzODYlMjEybTMlMjExZjAlMjEyZjAlMjEzZjAlMjEzbTIlMjExaTEwMjQlMjEyaTc2OCUyMTRmMTMuMSUyMTNtMyUyMTFtMiUyMTFzMHhkNDIyODZmMjhhYmRhZjklMjUzQTB4YjRhNzM3OWJmMjViZGUxZiUyMTJzQ2FsbGUlMkJFdmFyaXN0byUyQlNhbiUyQk1pZ3VlbCUyNTJDJTJCOCUyNTJDJTJCMjgwMDglMkJNYWRyaWQlMjE1ZTAlMjEzbTIlMjExc2VzJTIxMnNlcyUyMTR2MTU0NjYwOTQzNTcwOSUyMiUyMHdpZHRoJTNEJTIyNjAwJTIyJTIwaGVpZ2h0JTNEJTIyNTUwJTIyJTIwZnJhbWVib3JkZXIlM0QlMjIwJTIyJTIwc3R5bGUlM0QlMjJib3JkZXIlM0EwJTIyJTIwYWxsb3dmdWxsc2NyZWVuJTNFJTNDJTJGaWZyYW1lJTNF&#8221; css_animation=&#8221;fadeIn&#8221;]<div class=\"wn-distance-100 wn-distance-mob-inherit\"><\/div>[\/vc_column][vc_column css_animation=&#8221;bounceInUp&#8221; width=&#8221;1\/3&#8243; wn_class=&#8221;wn-column-5b1e2ad68c86f&#8221; css=&#8221;.vc_custom_1701362353571{margin-bottom: 20px !important;padding-left: 35px !important;}&#8221; el_class=&#8221;colorb&#8221;]<div class=\"wn-distance-60 wn-distance-mob-10\"><\/div><article class=\"wn-icon-box icon-box-id-2 icon-box5 tlp    \"  ><i class=\"wn-icon-1 icon-basic-tablet  \"><\/i><h4 class=\"title-style\">TEL\u00c9FONO<\/h4><p class=\"content-style\">919550650<br \/>\n601532829<\/p><\/article><div class=\"wn-distance-50 wn-distance-mob-10\"><\/div><article class=\"wn-icon-box icon-box-id-3 icon-box5 tlp    \"  ><i class=\"wn-icon-2 icon-basic-mail-open-text  \"><\/i><h4 class=\"title-style\">EMAILS<\/h4><p class=\"content-style\">info@youngsolutions.es<br \/>\ncertificados@youngsolutions.es<\/p><\/article><div class=\"wn-distance-50 wn-distance-mob-10\"><\/div><article class=\"wn-icon-box icon-box-id-4 icon-box5 tlp    \"  ><i class=\"wn-icon-3 icon-basic-geolocalize-01  \"><\/i><h4 class=\"title-style\">DIRECCI\u00d3N<\/h4><p class=\"content-style\">C\/ Evaristo San Miguel, 8, 4\u00aa P<br \/>\n28008 - Madrid<\/p><\/article><div class=\"wn-distance-60 wn-distance-mob-10\"><\/div>[\/vc_column][\/vc_row]\n<\/div>","protected":false},"excerpt":{"rendered":"<p>[vc_section bg_cover=&#8221;&#8221; css=&#8221;.vc_custom_1701361706993{background-color: #0075b5 !important;}&#8221;][vc_row][vc_column][vc_single_image image=&#8221;1674&#8243; img_size=&#8221;3800X1000&#8243;][\/vc_column][\/vc_row][\/vc_section][vc_row][vc_column width=&#8221;1\/5&#8243;][vc_empty_space height=&#8221;100px&#8221;][\/vc_column][vc_column width=&#8221;1\/5&#8243;][vc_empty_space height=&#8221;100px&#8221;][\/vc_column][vc_column width=&#8221;1\/5&#8243;][vc_empty_space height=&#8221;100px&#8221;][\/vc_column][vc_column width=&#8221;1\/5&#8243;][vc_empty_space height=&#8221;100px&#8221;][\/vc_column][vc_column width=&#8221;1\/5&#8243;][vc_empty_space height=&#8221;100px&#8221;][\/vc_column][\/vc_row][vc_row][vc_column][\/vc_column][\/vc_row][vc_row][vc_column width=&#8221;1\/5&#8243;][\/vc_column][vc_column width=&#8221;1\/5&#8243;][\/vc_column][vc_column width=&#8221;1\/5&#8243;][\/vc_column][vc_column width=&#8221;1\/5&#8243;][\/vc_column][vc_column width=&#8221;1\/5&#8243;][\/vc_column][\/vc_row][vc_row][vc_column][vc_column_text css_animation=&#8221;fadeInUpBig&#8221;] En Young Solutions contamos con las capacidades y conocimientos en contratos de formaci\u00f3n y aprendizaje necesarios para ayudarle a aumentar el desarrollo y transformaci\u00f3n de su empresa. Young Solutions es un centro de formaci\u00f3n l\u00edder a nivel nacional en el sector. Desde que abrimos nuestras puertas en el a\u00f1o 2000 nos enorgullece decir que cada a\u00f1o tenemos una lista m\u00e1s grande de clientes nuevos y habituales. Creemos firmemente que la formaci\u00f3n y el conocimiento son fundamentales para el desarrollo personal y laboral, por ello trabajamos e innovamos para mejorar d\u00eda a d\u00eda. Somos una organizaci\u00f3n en continuo aprendizaje, con el fin de prever y responder a las necesidades cambiantes de nuestro complejo mercado laboral. Nuestro objetivo es ofrecer siempre una ense\u00f1anza personalizada y de calidad. &nbsp; \u00bfLe gustar\u00eda experimentar lo que Young Solutions tiene para ofrecer? Ll\u00e1menos hoy mismo y hablemos de lo que podemos hacer por usted. [\/vc_column_text][\/vc_column][\/vc_row][vc_row row_dark=&#8221;yes&#8221; css_animation=&#8221;bounceIn&#8221; wn_class=&#8221;wn-row-5b1e3c566ff4f&#8221;][vc_column css_animation=&#8221;fadeInRight&#8221; width=&#8221;2\/3&#8243; wn_class=&#8221;wn-column-5b1e64f03474a&#8221; css=&#8221;.vc_custom_1528718581641{padding-right: 0px !important;}&#8221;][vc_gmaps link=&#8221;#E-8_JTNDaWZyYW1lJTIwc3JjJTNEJTIyaHR0cHMlM0ElMkYlMkZ3d3cuZ29vZ2xlLmNvbSUyRm1hcHMlMkZlbWJlZCUzRnBiJTNEJTIxMW0xOCUyMTFtMTIlMjExbTMlMjExZDMwMzcuMTc0MzU1NDI2MjAyNSUyMTJkLTMuNzE3NTU3NTg0MjczNDk5NiUyMTNkNDAuNDI3MTM3OTc5MzYzODYlMjEybTMlMjExZjAlMjEyZjAlMjEzZjAlMjEzbTIlMjExaTEwMjQlMjEyaTc2OCUyMTRmMTMuMSUyMTNtMyUyMTFtMiUyMTFzMHhkNDIyODZmMjhhYmRhZjklMjUzQTB4YjRhNzM3OWJmMjViZGUxZiUyMTJzQ2FsbGUlMkJFdmFyaXN0byUyQlNhbiUyQk1pZ3VlbCUyNTJDJTJCOCUyNTJDJTJCMjgwMDglMkJNYWRyaWQlMjE1ZTAlMjEzbTIlMjExc2VzJTIxMnNlcyUyMTR2MTU0NjYwOTQzNTcwOSUyMiUyMHdpZHRoJTNEJTIyNjAwJTIyJTIwaGVpZ2h0JTNEJTIyNTUwJTIyJTIwZnJhbWVib3JkZXIlM0QlMjIwJTIyJTIwc3R5bGUlM0QlMjJib3JkZXIlM0EwJTIyJTIwYWxsb3dmdWxsc2NyZWVuJTNFJTNDJTJGaWZyYW1lJTNF&#8221; css_animation=&#8221;fadeIn&#8221;][\/vc_column][vc_column css_animation=&#8221;bounceInUp&#8221; width=&#8221;1\/3&#8243; wn_class=&#8221;wn-column-5b1e2ad68c86f&#8221; css=&#8221;.vc_custom_1701362353571{margin-bottom: 20px !important;padding-left: 35px !important;}&#8221; el_class=&#8221;colorb&#8221;][\/vc_column][\/vc_row]<\/p>\n","protected":false},"author":1,"featured_media":0,"parent":0,"menu_order":0,"comment_status":"closed","ping_status":"closed","template":"","meta":{"footnotes":""},"class_list":["post-49","page","type-page","status-publish","hentry"],"_links":{"self":[{"href":"https:\/\/youngsolutions.es\/index.php\/wp-json\/wp\/v2\/pages\/49","targetHints":{"allow":["GET"]}}],"collection":[{"href":"https:\/\/youngsolutions.es\/index.php\/wp-json\/wp\/v2\/pages"}],"about":[{"href":"https:\/\/youngsolutions.es\/index.php\/wp-json\/wp\/v2\/types\/page"}],"author":[{"embeddable":true,"href":"https:\/\/youngsolutions.es\/index.php\/wp-json\/wp\/v2\/users\/1"}],"replies":[{"embeddable":true,"href":"https:\/\/youngsolutions.es\/index.php\/wp-json\/wp\/v2\/comments?post=49"}],"version-history":[{"count":12,"href":"https:\/\/youngsolutions.es\/index.php\/wp-json\/wp\/v2\/pages\/49\/revisions"}],"predecessor-version":[{"id":1756,"href":"https:\/\/youngsolutions.es\/index.php\/wp-json\/wp\/v2\/pages\/49\/revisions\/1756"}],"wp:attachment":[{"href":"https:\/\/youngsolutions.es\/index.php\/wp-json\/wp\/v2\/media?parent=49"}],"curies":[{"name":"wp","href":"https:\/\/api.w.org\/{rel}","templated":true}]}}